{"id":20139,"date":"2017-05-29T15:06:26","date_gmt":"2017-05-29T15:06:26","guid":{"rendered":"http:\/\/www.nexearquitectura.com\/wp-content\/uploads\/2017\/05\/ESTHER.jpg"},"modified":"2017-05-29T15:06:43","modified_gmt":"2017-05-29T15:06:43","slug":"esther","status":"inherit","type":"attachment","link":"https:\/\/www.nexearquitectura.com\/ca\/qui-som\/esther\/","title":{"rendered":"Esther Vil\u00e0 Ba\u00f1os"},"author":1,"featured_media":0,"comment_status":"open","ping_status":"closed","template":"","meta":{"_acf_changed":false,"_links_to":"","_links_to_target":""},"class_list":["post-20139","attachment","type-attachment","status-inherit","hentry"],"acf":[],"yoast_head":"<!-- This site is optimized with the Yoast SEO plugin v25.2 - https:\/\/yoast.com\/wordpress\/plugins\/seo\/ -->\n<title>Esther Vil\u00e0 Ba\u00f1os - Nexe arquitectura | Josep Carret\u00e9<\/title>\n<meta name=\"robots\" content=\"index, follow, max-snippet:-1, max-image-preview:large, max-video-preview:-1\" \/>\n<link rel=\"canonical\" href=\"https:\/\/www.nexearquitectura.com\/wp-content\/uploads\/2017\/05\/ESTHER.jpg\" \/>\n<meta property=\"og:locale\" content=\"ca_ES\" \/>\n<meta property=\"og:type\" content=\"article\" \/>\n<meta property=\"og:title\" content=\"Esther Vil\u00e0 Ba\u00f1os - Nexe arquitectura | Josep Carret\u00e9\" \/>\n<meta property=\"og:url\" content=\"https:\/\/www.nexearquitectura.com\/wp-content\/uploads\/2017\/05\/ESTHER.jpg\" \/>\n<meta property=\"og:site_name\" content=\"Nexe arquitectura\" \/>\n<meta property=\"article:modified_time\" content=\"2017-05-29T15:06:43+00:00\" \/>\n<meta property=\"og:image\" content=\"https:\/\/www.nexearquitectura.com\/wp-content\/uploads\/2017\/05\/ESTHER.jpg\" \/>\n\t<meta property=\"og:image:width\" content=\"640\" \/>\n\t<meta property=\"og:image:height\" content=\"640\" \/>\n\t<meta property=\"og:image:type\" content=\"image\/jpeg\" \/>\n<meta name=\"twitter:card\" content=\"summary_large_image\" \/>\n<!-- \/ Yoast SEO plugin. -->","yoast_head_json":{"title":"Esther Vil\u00e0 Ba\u00f1os - Nexe arquitectura | Josep Carret\u00e9","robots":{"index":"index","follow":"follow","max-snippet":"max-snippet:-1","max-image-preview":"max-image-preview:large","max-video-preview":"max-video-preview:-1"},"canonical":"https:\/\/www.nexearquitectura.com\/wp-content\/uploads\/2017\/05\/ESTHER.jpg","og_locale":"ca_ES","og_type":"article","og_title":"Esther Vil\u00e0 Ba\u00f1os - Nexe arquitectura | Josep Carret\u00e9","og_url":"https:\/\/www.nexearquitectura.com\/wp-content\/uploads\/2017\/05\/ESTHER.jpg","og_site_name":"Nexe arquitectura","article_modified_time":"2017-05-29T15:06:43+00:00","og_image":[{"width":640,"height":640,"url":"https:\/\/www.nexearquitectura.com\/wp-content\/uploads\/2017\/05\/ESTHER.jpg","type":"image\/jpeg"}],"twitter_card":"summary_large_image","schema":{"@context":"https:\/\/schema.org","@graph":[{"@type":"WebPage","@id":"https:\/\/www.nexearquitectura.com\/wp-content\/uploads\/2017\/05\/ESTHER.jpg","url":"https:\/\/www.nexearquitectura.com\/wp-content\/uploads\/2017\/05\/ESTHER.jpg","name":"Esther Vil\u00e0 Ba\u00f1os - Nexe arquitectura | Josep Carret\u00e9","isPartOf":{"@id":"https:\/\/www.nexearquitectura.com\/ca\/#website"},"datePublished":"2017-05-29T15:06:26+00:00","dateModified":"2017-05-29T15:06:43+00:00","breadcrumb":{"@id":"https:\/\/www.nexearquitectura.com\/wp-content\/uploads\/2017\/05\/ESTHER.jpg#breadcrumb"},"inLanguage":"ca","potentialAction":[{"@type":"ReadAction","target":["https:\/\/www.nexearquitectura.com\/wp-content\/uploads\/2017\/05\/ESTHER.jpg"]}]},{"@type":"BreadcrumbList","@id":"https:\/\/www.nexearquitectura.com\/wp-content\/uploads\/2017\/05\/ESTHER.jpg#breadcrumb","itemListElement":[{"@type":"ListItem","position":1,"name":"Portada","item":"https:\/\/www.nexearquitectura.com\/ca\/"},{"@type":"ListItem","position":2,"name":"Qui som","item":"https:\/\/www.nexearquitectura.com\/ca\/qui-som\/"},{"@type":"ListItem","position":3,"name":"Esther Vil\u00e0 Ba\u00f1os"}]},{"@type":"WebSite","@id":"https:\/\/www.nexearquitectura.com\/ca\/#website","url":"https:\/\/www.nexearquitectura.com\/ca\/","name":"Nexe arquitectura","description":"Josep Carret\u00e9","publisher":{"@id":"https:\/\/www.nexearquitectura.com\/ca\/#organization"},"potentialAction":[{"@type":"SearchAction","target":{"@type":"EntryPoint","urlTemplate":"https:\/\/www.nexearquitectura.com\/ca\/?s={search_term_string}"},"query-input":{"@type":"PropertyValueSpecification","valueRequired":true,"valueName":"search_term_string"}}],"inLanguage":"ca"},{"@type":"Organization","@id":"https:\/\/www.nexearquitectura.com\/ca\/#organization","name":"Nexe Arquitectura","url":"https:\/\/www.nexearquitectura.com\/ca\/","logo":{"@type":"ImageObject","inLanguage":"ca","@id":"https:\/\/www.nexearquitectura.com\/ca\/#\/schema\/logo\/image\/","url":"https:\/\/www.nexearquitectura.com\/wp-content\/uploads\/2017\/05\/Nexe_logo3-1.png","contentUrl":"https:\/\/www.nexearquitectura.com\/wp-content\/uploads\/2017\/05\/Nexe_logo3-1.png","width":2481,"height":500,"caption":"Nexe Arquitectura"},"image":{"@id":"https:\/\/www.nexearquitectura.com\/ca\/#\/schema\/logo\/image\/"}}]}},"smush":{"stats":{"percent":2.815873128539488,"bytes":11108,"size_before":394478,"size_after":383370,"time":0.8800000000000001,"api_version":"1.0","lossy":false,"keep_exif":0},"sizes":{"thumbnail":{"percent":0.6,"bytes":52,"size_before":4309,"size_after":4283,"time":0},"medium":{"percent":2.2,"bytes":590,"size_before":13410,"size_after":13115,"time":0.01},"carrete-portfolio-panoramic":{"percent":2.79,"bytes":782,"size_before":28066,"size_after":27284,"time":0.03},"portfolio-square":{"percent":2.39,"bytes":1796,"size_before":37606,"size_after":36708,"time":0.09},"portfolio-landscape":{"percent":2.63,"bytes":2374,"size_before":45187,"size_after":44000,"time":0.09},"portfolio-portrait":{"percent":2.82,"bytes":2558,"size_before":45325,"size_after":44046,"time":0.11},"menu-featured-post":{"percent":1.94,"bytes":392,"size_before":10079,"size_after":9883,"time":0.04},"qode-carousel_slider":{"percent":2.49,"bytes":718,"size_before":14438,"size_after":14079,"time":0.03},"portfolio_slider":{"percent":2.6,"bytes":1022,"size_before":19661,"size_after":19150,"time":0.02},"portfolio_masonry_regular":{"percent":2.41,"bytes":1476,"size_before":30638,"size_after":29900,"time":0.06},"portfolio_masonry_wide":{"percent":2.62,"bytes":1986,"size_before":37872,"size_after":36879,"time":0.07},"portfolio_masonry_tall":{"percent":2.26,"bytes":1678,"size_before":37134,"size_after":36295,"time":0.06},"latest_post_boxes":{"percent":2.62,"bytes":1406,"size_before":26869,"size_after":26166,"time":0.09},"latest_post_small_image":{"percent":0,"bytes":0,"size_before":2753,"size_after":2753,"time":0.01},"full":{"percent":5.6,"bytes":2302,"size_before":41131,"size_after":38829,"time":0.17}}},"description":{"rendered":"<p class=\"attachment\"><a href='https:\/\/www.nexearquitectura.com\/wp-content\/uploads\/2017\/05\/ESTHER.jpg'><img decoding=\"async\" width=\"300\" height=\"300\" src=\"https:\/\/www.nexearquitectura.com\/wp-content\/uploads\/2017\/05\/ESTHER-300x300.jpg\" class=\"attachment-medium size-medium\" alt=\"\" srcset=\"https:\/\/www.nexearquitectura.com\/wp-content\/uploads\/2017\/05\/ESTHER-300x300.jpg 300w, https:\/\/www.nexearquitectura.com\/wp-content\/uploads\/2017\/05\/ESTHER-150x150.jpg 150w, https:\/\/www.nexearquitectura.com\/wp-content\/uploads\/2017\/05\/ESTHER-570x570.jpg 570w, https:\/\/www.nexearquitectura.com\/wp-content\/uploads\/2017\/05\/ESTHER-500x500.jpg 500w, https:\/\/www.nexearquitectura.com\/wp-content\/uploads\/2017\/05\/ESTHER.jpg 640w\" sizes=\"(max-width: 300px) 100vw, 300px\" \/><\/a><\/p>\n"},"caption":{"rendered":""},"alt_text":"","media_type":"image","mime_type":"image\/jpeg","media_details":{"width":640,"height":640,"file":"2017\/05\/ESTHER.jpg","sizes":{"thumbnail":{"file":"ESTHER-150x150.jpg","width":150,"height":150,"mime_type":"image\/jpeg","source_url":"https:\/\/www.nexearquitectura.com\/wp-content\/uploads\/2017\/05\/ESTHER-150x150.jpg"},"medium":{"file":"ESTHER-300x300.jpg","width":300,"height":300,"mime_type":"image\/jpeg","source_url":"https:\/\/www.nexearquitectura.com\/wp-content\/uploads\/2017\/05\/ESTHER-300x300.jpg"},"carrete-portfolio-panoramic":{"file":"ESTHER-640x360.jpg","width":640,"height":360,"mime_type":"image\/jpeg","source_url":"https:\/\/www.nexearquitectura.com\/wp-content\/uploads\/2017\/05\/ESTHER-640x360.jpg"},"portfolio-square":{"file":"ESTHER-570x570.jpg","width":570,"height":570,"mime_type":"image\/jpeg","source_url":"https:\/\/www.nexearquitectura.com\/wp-content\/uploads\/2017\/05\/ESTHER-570x570.jpg"},"portfolio-landscape":{"file":"ESTHER-640x600.jpg","width":640,"height":600,"mime_type":"image\/jpeg","source_url":"https:\/\/www.nexearquitectura.com\/wp-content\/uploads\/2017\/05\/ESTHER-640x600.jpg"},"portfolio-portrait":{"file":"ESTHER-600x640.jpg","width":600,"height":640,"mime_type":"image\/jpeg","source_url":"https:\/\/www.nexearquitectura.com\/wp-content\/uploads\/2017\/05\/ESTHER-600x640.jpg"},"menu-featured-post":{"file":"ESTHER-345x198.jpg","width":345,"height":198,"mime_type":"image\/jpeg","source_url":"https:\/\/www.nexearquitectura.com\/wp-content\/uploads\/2017\/05\/ESTHER-345x198.jpg"},"qode-carousel_slider":{"file":"ESTHER-400x260.jpg","width":400,"height":260,"mime_type":"image\/jpeg","source_url":"https:\/\/www.nexearquitectura.com\/wp-content\/uploads\/2017\/05\/ESTHER-400x260.jpg"},"portfolio_slider":{"file":"ESTHER-480x320.jpg","width":480,"height":320,"mime_type":"image\/jpeg","source_url":"https:\/\/www.nexearquitectura.com\/wp-content\/uploads\/2017\/05\/ESTHER-480x320.jpg"},"portfolio_masonry_regular":{"file":"ESTHER-500x500.jpg","width":500,"height":500,"mime_type":"image\/jpeg","source_url":"https:\/\/www.nexearquitectura.com\/wp-content\/uploads\/2017\/05\/ESTHER-500x500.jpg"},"portfolio_masonry_wide":{"file":"ESTHER-640x500.jpg","width":640,"height":500,"mime_type":"image\/jpeg","source_url":"https:\/\/www.nexearquitectura.com\/wp-content\/uploads\/2017\/05\/ESTHER-640x500.jpg"},"portfolio_masonry_tall":{"file":"ESTHER-500x640.jpg","width":500,"height":640,"mime_type":"image\/jpeg","source_url":"https:\/\/www.nexearquitectura.com\/wp-content\/uploads\/2017\/05\/ESTHER-500x640.jpg"},"latest_post_boxes":{"file":"ESTHER-528x420.jpg","width":528,"height":420,"mime_type":"image\/jpeg","source_url":"https:\/\/www.nexearquitectura.com\/wp-content\/uploads\/2017\/05\/ESTHER-528x420.jpg"},"latest_post_small_image":{"file":"ESTHER-125x102.jpg","width":125,"height":102,"mime_type":"image\/jpeg","source_url":"https:\/\/www.nexearquitectura.com\/wp-content\/uploads\/2017\/05\/ESTHER-125x102.jpg"},"full":{"file":"ESTHER.jpg","width":640,"height":640,"mime_type":"image\/jpeg","source_url":"https:\/\/www.nexearquitectura.com\/wp-content\/uploads\/2017\/05\/ESTHER.jpg"}},"image_meta":{"aperture":"0","credit":"","camera":"","caption":"","created_timestamp":"0","copyright":"","focal_length":"0","iso":"0","shutter_speed":"0","title":"","orientation":"0","keywords":[]}},"post":19457,"source_url":"https:\/\/www.nexearquitectura.com\/wp-content\/uploads\/2017\/05\/ESTHER.jpg","_links":{"self":[{"href":"https:\/\/www.nexearquitectura.com\/ca\/wp-json\/wp\/v2\/media\/20139","targetHints":{"allow":["GET"]}}],"collection":[{"href":"https:\/\/www.nexearquitectura.com\/ca\/wp-json\/wp\/v2\/media"}],"about":[{"href":"https:\/\/www.nexearquitectura.com\/ca\/wp-json\/wp\/v2\/types\/attachment"}],"author":[{"embeddable":true,"href":"https:\/\/www.nexearquitectura.com\/ca\/wp-json\/wp\/v2\/users\/1"}],"replies":[{"embeddable":true,"href":"https:\/\/www.nexearquitectura.com\/ca\/wp-json\/wp\/v2\/comments?post=20139"}]}}

Esther Vilà Baños

<!-- This site is optimized with the Yoast SEO plugin v25.2 - https://yoast.com/wordpress/plugins/seo/ -->
<title>Esther Vilà Baños - Nexe arquitectura | Josep Carreté</title>
<meta name="robots" content="index, follow, max-snippet:-1, max-image-preview:large, max-video-preview:-1" />
<link rel="canonical" href="https://www.nexearquitectura.com/wp-content/uploads/2017/05/ESTHER.jpg" />
<meta property="og:locale" content="ca_ES" />
<meta property="og:type" content="article" />
<meta property="og:title" content="Esther Vilà Baños - Nexe arquitectura | Josep Carreté" />
<meta property="og:url" content="https://www.nexearquitectura.com/wp-content/uploads/2017/05/ESTHER.jpg" />
<meta property="og:site_name" content="Nexe arquitectura" />
<meta property="article:modified_time" content="2017-05-29T15:06:43+00:00" />
<meta property="og:image" content="https://www.nexearquitectura.com/wp-content/uploads/2017/05/ESTHER.jpg" />
	<meta property="og:image:width" content="640" />
	<meta property="og:image:height" content="640" />
	<meta property="og:image:type" content="image/jpeg" />
<meta name="twitter:card" content="summary_large_image" />
<!-- / Yoast SEO plugin. -->

Esther Vilà Baños - Nexe arquitectura | Josep Carreté

Josep Carreté
