{"id":21379,"date":"2019-05-30T14:03:21","date_gmt":"2019-05-30T14:03:21","guid":{"rendered":"http:\/\/www.nexearquitectura.com\/?page_id=21379"},"modified":"2019-05-30T14:22:03","modified_gmt":"2019-05-30T14:22:03","slug":"avis-legal-i-politica-de-privacitat","status":"publish","type":"page","link":"https:\/\/www.nexearquitectura.com\/ca\/avis-legal-i-politica-de-privacitat\/","title":{"rendered":"Av\u00eds legal i pol\u00edtica de privacitat"},"content":{"rendered":"<p>[vc_row row_type=&#8221;row&#8221; type=&#8221;full_width&#8221; text_align=&#8221;left&#8221; video=&#8221;&#8221; css_animation=&#8221;&#8221;][vc_column]<div class=\"custom_font_holder\" style=\" font-size: 36px; line-height: 36px; font-style: normal; color: #696969; text-decoration: none; text-align: left;\"><\/p>\n<h2>QUI SOM<\/h2>\n<p><\/div>[vc_empty_space][vc_column_text]El titular del web <a href=\"https:\/\/www.nexearquitectura.com\">www.nexearquitectura.com<\/a> \u00e9s propietat de Josep Carret\u00e9 i Borr\u00e0s.<\/p>\n<p>&nbsp;<\/p>\n<p><strong>Domicili:<\/strong> C\/ General O&#8217;Donnell 36 b, 1r, Sant Boi del Llobregat 08830, Barcelona<\/p>\n<p>&nbsp;<\/p>\n<p><strong>Tel\u00e8fon:<\/strong> (+34) 936 307 553<\/p>\n<p>&nbsp;<\/p>\n<p><strong>E-mail:<\/strong> estudi@nexearquitectura.cat[\/vc_column_text][vc_empty_space]<div class=\"custom_font_holder\" style=\" font-size: 36px; line-height: 36px; font-style: normal; color: #696969; text-decoration: none; text-align: left;\"><\/p>\n<h2>Quines dades personals recollim i per qu\u00e8 les recollim<\/h2>\n<p><\/div>[vc_empty_space][vc_column_text]Una cadena an\u00f2nima creada a partir de la teva adre\u00e7a de correu electr\u00f2nic (tamb\u00e9 anomenada hash) pot ser proporcionada al servei de Gravatar per veure si l&#8217;est\u00e0s fent servir. La pol\u00edtica de privacitat del servei Gravatar est\u00e0 disponible aqu\u00ed: https:\/\/automattic.com\/privacy\/. Despr\u00e9s de l&#8217;aprovaci\u00f3 del teu comentari, la imatge del teu perfil \u00e9s visible per al p\u00fablic en el context del seu comentari.[\/vc_column_text][vc_empty_space]<div class=\"custom_font_holder\" style=\" font-size: 30px; line-height: 30px; font-style: normal; color: #696969; text-decoration: none; text-align: left;\"><\/p>\n<h3>Formulari de contacte<\/h3>\n<p><\/div>[vc_empty_space][vc_column_text]Al emplenar el formulari de contacte, recollim les dades de nom i correu electr\u00f2nic.[\/vc_column_text][vc_empty_space]<div class=\"custom_font_holder\" style=\" font-size: 30px; line-height: 30px; font-style: normal; color: #696969; text-decoration: none; text-align: left;\"><\/p>\n<h3>Cookies<\/h3>\n<p><\/div>[vc_empty_space][vc_column_text]Si tens un compte i et connectes a aquest lloc, instal\u00b7larem una cookie temporal per determinar si el teu navegador accepta cookies. Aquesta galeta no cont\u00e9 dades personals i s&#8217;elimina en tancar el navegador.<\/p>\n<p>&nbsp;<\/p>\n<p>Quan inicies sessi\u00f3, tamb\u00e9 instal\u00b7larem m\u00e9s galetes per guardar la teva informaci\u00f3 d&#8217;inici de sessi\u00f3 i les teves opcions de visualitzaci\u00f3 de pantalla. Les galetes d&#8217;inici de sessi\u00f3 duren dos dies, i les galetes d&#8217;opcions de pantalla duren un any. Si selecciones &#8220;Recordar-me&#8221;, el teu inici de sessi\u00f3 perdurar\u00e0 durant dues setmanes. Si surts del teu compte, les galetes d&#8217;inici de sessi\u00f3 s&#8217;eliminaran.<\/p>\n<p>&nbsp;<\/p>\n<p>Si edites o publiques un article es guardar\u00e0 una galeta addicional al teu navegador. Aquesta galeta no inclou dades personals i simplement indica l&#8217;ID de l&#8217;article que acabes d&#8217;editar. Caduca despr\u00e9s d&#8217;1 dia.[\/vc_column_text][vc_empty_space]<div class=\"custom_font_holder\" style=\" font-size: 30px; line-height: 30px; font-style: normal; color: #696969; text-decoration: none; text-align: left;\"><\/p>\n<h3>Contingut incrustat d&#8217;altres llocs web<\/h3>\n<p><\/div>[vc_empty_space][vc_column_text]Els articles d&#8217;aquest lloc poden incloure contingut incrustat (per exemple, v\u00eddeos, imatges, articles, etc.). El contingut incrustat d&#8217;altres web es comporta exactament de la mateixa manera que si el visitant hagu\u00e9s visitat l&#8217;altra web.<\/p>\n<p>&nbsp;<\/p>\n<p>Aquestes web poden recopilar dades sobre tu, utilitzar cookies, incrustar un seguiment addicional de tercers, i supervisar la teva interacci\u00f3 amb aquest contingut incrustat, incl\u00f2s el seguiment del teu interacci\u00f3 amb el contingut incrustat si tens un compte i est\u00e0s connectat a aquesta web.[\/vc_column_text][vc_empty_space]<div class=\"custom_font_holder\" style=\" font-size: 30px; line-height: 30px; font-style: normal; color: #696969; text-decoration: none; text-align: left;\"><\/p>\n<h3>Anal\u00edtica<\/h3>\n<p><\/div>[vc_empty_space][vc_column_text]S&#8217;utilitza Google Analytics per analitzar i millorar els nostres serveis.[\/vc_column_text][vc_empty_space]<div class=\"custom_font_holder\" style=\" font-size: 30px; line-height: 30px; font-style: normal; color: #696969; text-decoration: none; text-align: left;\"><\/p>\n<h2>Quins drets tens sobre les dades<\/h2>\n<p><\/div>[vc_empty_space][vc_column_text]Si tens un compte o has deixat comentaris en aquesta web, pots demanar rebre un arxiu d&#8217;exportaci\u00f3 de les dades personals que tenim sobre tu, incloent qualsevol dada que ens hagis proporcionat. Tamb\u00e9 pots demanar que eliminem qualsevol dada personal que tinguem sobre tu. Aix\u00f2 no inclou cap dada que estiguem obligats a conservar amb fins administratius, legals o de seguretat.[\/vc_column_text][vc_empty_space height=&#8221;100px&#8221;][\/vc_column][\/vc_row]<\/p>\n","protected":false},"excerpt":{"rendered":"<p>[vc_row row_type=&#8221;row&#8221; type=&#8221;full_width&#8221; text_align=&#8221;left&#8221; video=&#8221;&#8221; css_animation=&#8221;&#8221;][vc_column][vc_empty_space][vc_column_text]El titular del web www.nexearquitectura.com \u00e9s propietat de Josep Carret\u00e9 i Borr\u00e0s. &nbsp; Domicili: C\/ General O&#8217;Donnell 36&#8230;<\/p>\n","protected":false},"author":1,"featured_media":0,"parent":0,"menu_order":0,"comment_status":"closed","ping_status":"closed","template":"","meta":{"_acf_changed":false,"footnotes":"","_links_to":"","_links_to_target":""},"class_list":["post-21379","page","type-page","status-publish","hentry"],"acf":[],"yoast_head":"<!-- This site is optimized with the Yoast SEO plugin v25.2 - https:\/\/yoast.com\/wordpress\/plugins\/seo\/ -->\n<title>Av\u00eds legal i pol\u00edtica de privacitat - Nexe arquitectura | Josep Carret\u00e9<\/title>\n<meta name=\"robots\" content=\"index, follow, max-snippet:-1, max-image-preview:large, max-video-preview:-1\" \/>\n<link rel=\"canonical\" href=\"https:\/\/www.nexearquitectura.com\/ca\/avis-legal-i-politica-de-privacitat\/\" \/>\n<meta property=\"og:locale\" content=\"ca_ES\" \/>\n<meta property=\"og:type\" content=\"article\" \/>\n<meta property=\"og:title\" content=\"Av\u00eds legal i pol\u00edtica de privacitat - Nexe arquitectura | Josep Carret\u00e9\" \/>\n<meta property=\"og:description\" content=\"[vc_row row_type=&#8221;row&#8221; type=&#8221;full_width&#8221; text_align=&#8221;left&#8221; video=&#8221;&#8221; css_animation=&#8221;&#8221;][vc_column][vc_empty_space][vc_column_text]El titular del web www.nexearquitectura.com \u00e9s propietat de Josep Carret\u00e9 i Borr\u00e0s. &nbsp; Domicili: C\/ General O&#8217;Donnell 36...\" \/>\n<meta property=\"og:url\" content=\"https:\/\/www.nexearquitectura.com\/ca\/avis-legal-i-politica-de-privacitat\/\" \/>\n<meta property=\"og:site_name\" content=\"Nexe arquitectura\" \/>\n<meta property=\"article:modified_time\" content=\"2019-05-30T14:22:03+00:00\" \/>\n<meta property=\"og:image\" content=\"https:\/\/www.nexearquitectura.com\/wp-content\/uploads\/2017\/05\/Nexe_logo3-1.png\" \/>\n\t<meta property=\"og:image:width\" content=\"2481\" \/>\n\t<meta property=\"og:image:height\" content=\"500\" \/>\n\t<meta property=\"og:image:type\" content=\"image\/png\" \/>\n<meta name=\"twitter:card\" content=\"summary_large_image\" \/>\n<meta name=\"twitter:label1\" content=\"Temps estimat de lectura\" \/>\n\t<meta name=\"twitter:data1\" content=\"3 minuts\" \/>\n<!-- \/ Yoast SEO plugin. -->","yoast_head_json":{"title":"Av\u00eds legal i pol\u00edtica de privacitat - Nexe arquitectura | Josep Carret\u00e9","robots":{"index":"index","follow":"follow","max-snippet":"max-snippet:-1","max-image-preview":"max-image-preview:large","max-video-preview":"max-video-preview:-1"},"canonical":"https:\/\/www.nexearquitectura.com\/ca\/avis-legal-i-politica-de-privacitat\/","og_locale":"ca_ES","og_type":"article","og_title":"Av\u00eds legal i pol\u00edtica de privacitat - Nexe arquitectura | Josep Carret\u00e9","og_description":"[vc_row row_type=&#8221;row&#8221; type=&#8221;full_width&#8221; text_align=&#8221;left&#8221; video=&#8221;&#8221; css_animation=&#8221;&#8221;][vc_column][vc_empty_space][vc_column_text]El titular del web www.nexearquitectura.com \u00e9s propietat de Josep Carret\u00e9 i Borr\u00e0s. &nbsp; Domicili: C\/ General O&#8217;Donnell 36...","og_url":"https:\/\/www.nexearquitectura.com\/ca\/avis-legal-i-politica-de-privacitat\/","og_site_name":"Nexe arquitectura","article_modified_time":"2019-05-30T14:22:03+00:00","og_image":[{"width":2481,"height":500,"url":"https:\/\/www.nexearquitectura.com\/wp-content\/uploads\/2017\/05\/Nexe_logo3-1.png","type":"image\/png"}],"twitter_card":"summary_large_image","twitter_misc":{"Temps estimat de lectura":"3 minuts"},"schema":{"@context":"https:\/\/schema.org","@graph":[{"@type":"WebPage","@id":"https:\/\/www.nexearquitectura.com\/ca\/avis-legal-i-politica-de-privacitat\/","url":"https:\/\/www.nexearquitectura.com\/ca\/avis-legal-i-politica-de-privacitat\/","name":"Av\u00eds legal i pol\u00edtica de privacitat - Nexe arquitectura | Josep Carret\u00e9","isPartOf":{"@id":"https:\/\/www.nexearquitectura.com\/ca\/#website"},"datePublished":"2019-05-30T14:03:21+00:00","dateModified":"2019-05-30T14:22:03+00:00","breadcrumb":{"@id":"https:\/\/www.nexearquitectura.com\/ca\/avis-legal-i-politica-de-privacitat\/#breadcrumb"},"inLanguage":"ca","potentialAction":[{"@type":"ReadAction","target":["https:\/\/www.nexearquitectura.com\/ca\/avis-legal-i-politica-de-privacitat\/"]}]},{"@type":"BreadcrumbList","@id":"https:\/\/www.nexearquitectura.com\/ca\/avis-legal-i-politica-de-privacitat\/#breadcrumb","itemListElement":[{"@type":"ListItem","position":1,"name":"Portada","item":"https:\/\/www.nexearquitectura.com\/ca\/"},{"@type":"ListItem","position":2,"name":"Av\u00eds legal i pol\u00edtica de privacitat"}]},{"@type":"WebSite","@id":"https:\/\/www.nexearquitectura.com\/ca\/#website","url":"https:\/\/www.nexearquitectura.com\/ca\/","name":"Nexe arquitectura","description":"Josep Carret\u00e9","publisher":{"@id":"https:\/\/www.nexearquitectura.com\/ca\/#organization"},"potentialAction":[{"@type":"SearchAction","target":{"@type":"EntryPoint","urlTemplate":"https:\/\/www.nexearquitectura.com\/ca\/?s={search_term_string}"},"query-input":{"@type":"PropertyValueSpecification","valueRequired":true,"valueName":"search_term_string"}}],"inLanguage":"ca"},{"@type":"Organization","@id":"https:\/\/www.nexearquitectura.com\/ca\/#organization","name":"Nexe Arquitectura","url":"https:\/\/www.nexearquitectura.com\/ca\/","logo":{"@type":"ImageObject","inLanguage":"ca","@id":"https:\/\/www.nexearquitectura.com\/ca\/#\/schema\/logo\/image\/","url":"https:\/\/www.nexearquitectura.com\/wp-content\/uploads\/2017\/05\/Nexe_logo3-1.png","contentUrl":"https:\/\/www.nexearquitectura.com\/wp-content\/uploads\/2017\/05\/Nexe_logo3-1.png","width":2481,"height":500,"caption":"Nexe Arquitectura"},"image":{"@id":"https:\/\/www.nexearquitectura.com\/ca\/#\/schema\/logo\/image\/"}}]}},"_links":{"self":[{"href":"https:\/\/www.nexearquitectura.com\/ca\/wp-json\/wp\/v2\/pages\/21379","targetHints":{"allow":["GET"]}}],"collection":[{"href":"https:\/\/www.nexearquitectura.com\/ca\/wp-json\/wp\/v2\/pages"}],"about":[{"href":"https:\/\/www.nexearquitectura.com\/ca\/wp-json\/wp\/v2\/types\/page"}],"author":[{"embeddable":true,"href":"https:\/\/www.nexearquitectura.com\/ca\/wp-json\/wp\/v2\/users\/1"}],"replies":[{"embeddable":true,"href":"https:\/\/www.nexearquitectura.com\/ca\/wp-json\/wp\/v2\/comments?post=21379"}],"version-history":[{"count":9,"href":"https:\/\/www.nexearquitectura.com\/ca\/wp-json\/wp\/v2\/pages\/21379\/revisions"}],"predecessor-version":[{"id":21382,"href":"https:\/\/www.nexearquitectura.com\/ca\/wp-json\/wp\/v2\/pages\/21379\/revisions\/21382"}],"wp:attachment":[{"href":"https:\/\/www.nexearquitectura.com\/ca\/wp-json\/wp\/v2\/media?parent=21379"}],"curies":[{"name":"wp","href":"https:\/\/api.w.org\/{rel}","templated":true}]}}

Avís legal i política de privacitat

<p>[vc_row row_type=&#8221;row&#8221; type=&#8221;full_width&#8221; text_align=&#8221;left&#8221; video=&#8221;&#8221; css_animation=&#8221;&#8221;][vc_column]<div class="custom_font_holder" style=" font-size: 36px; line-height: 36px; font-style: normal; color: #696969; text-decoration: none; text-align: left;"></p>
<h2>QUI SOM</h2>
<p></div>[vc_empty_space][vc_column_text]El titular del web <a href="https://www.nexearquitectura.com">www.nexearquitectura.com</a> és propietat de Josep Carreté i Borràs.</p>
<p>&nbsp;</p>
<p><strong>Domicili:</strong> C/ General O&#8217;Donnell 36 b, 1r, Sant Boi del Llobregat 08830, Barcelona</p>
<p>&nbsp;</p>
<p><strong>Telèfon:</strong> (+34) 936 307 553</p>
<p>&nbsp;</p>
<p><strong>E-mail:</strong> estudi@nexearquitectura.cat[/vc_column_text][vc_empty_space]<div class="custom_font_holder" style=" font-size: 36px; line-height: 36px; font-style: normal; color: #696969; text-decoration: none; text-align: left;"></p>
<h2>Quines dades personals recollim i per què les recollim</h2>
<p></div>[vc_empty_space][vc_column_text]Una cadena anònima creada a partir de la teva adreça de correu electrònic (també anomenada hash) pot ser proporcionada al servei de Gravatar per veure si l&#8217;estàs fent servir. La política de privacitat del servei Gravatar està disponible aquí: https://automattic.com/privacy/. Després de l&#8217;aprovació del teu comentari, la imatge del teu perfil és visible per al públic en el context del seu comentari.[/vc_column_text][vc_empty_space]<div class="custom_font_holder" style=" font-size: 30px; line-height: 30px; font-style: normal; color: #696969; text-decoration: none; text-align: left;"></p>
<h3>Formulari de contacte</h3>
<p></div>[vc_empty_space][vc_column_text]Al emplenar el formulari de contacte, recollim les dades de nom i correu electrònic.[/vc_column_text][vc_empty_space]<div class="custom_font_holder" style=" font-size: 30px; line-height: 30px; font-style: normal; color: #696969; text-decoration: none; text-align: left;"></p>
<h3>Cookies</h3>
<p></div>[vc_empty_space][vc_column_text]Si tens un compte i et connectes a aquest lloc, instal·larem una cookie temporal per determinar si el teu navegador accepta cookies. Aquesta galeta no conté dades personals i s&#8217;elimina en tancar el navegador.</p>
<p>&nbsp;</p>
<p>Quan inicies sessió, també instal·larem més galetes per guardar la teva informació d&#8217;inici de sessió i les teves opcions de visualització de pantalla. Les galetes d&#8217;inici de sessió duren dos dies, i les galetes d&#8217;opcions de pantalla duren un any. Si selecciones &#8220;Recordar-me&#8221;, el teu inici de sessió perdurarà durant dues setmanes. Si surts del teu compte, les galetes d&#8217;inici de sessió s&#8217;eliminaran.</p>
<p>&nbsp;</p>
<p>Si edites o publiques un article es guardarà una galeta addicional al teu navegador. Aquesta galeta no inclou dades personals i simplement indica l&#8217;ID de l&#8217;article que acabes d&#8217;editar. Caduca després d&#8217;1 dia.[/vc_column_text][vc_empty_space]<div class="custom_font_holder" style=" font-size: 30px; line-height: 30px; font-style: normal; color: #696969; text-decoration: none; text-align: left;"></p>
<h3>Contingut incrustat d&#8217;altres llocs web</h3>
<p></div>[vc_empty_space][vc_column_text]Els articles d&#8217;aquest lloc poden incloure contingut incrustat (per exemple, vídeos, imatges, articles, etc.). El contingut incrustat d&#8217;altres web es comporta exactament de la mateixa manera que si el visitant hagués visitat l&#8217;altra web.</p>
<p>&nbsp;</p>
<p>Aquestes web poden recopilar dades sobre tu, utilitzar cookies, incrustar un seguiment addicional de tercers, i supervisar la teva interacció amb aquest contingut incrustat, inclòs el seguiment del teu interacció amb el contingut incrustat si tens un compte i estàs connectat a aquesta web.[/vc_column_text][vc_empty_space]<div class="custom_font_holder" style=" font-size: 30px; line-height: 30px; font-style: normal; color: #696969; text-decoration: none; text-align: left;"></p>
<h3>Analítica</h3>
<p></div>[vc_empty_space][vc_column_text]S&#8217;utilitza Google Analytics per analitzar i millorar els nostres serveis.[/vc_column_text][vc_empty_space]<div class="custom_font_holder" style=" font-size: 30px; line-height: 30px; font-style: normal; color: #696969; text-decoration: none; text-align: left;"></p>
<h2>Quins drets tens sobre les dades</h2>
<p></div>[vc_empty_space][vc_column_text]Si tens un compte o has deixat comentaris en aquesta web, pots demanar rebre un arxiu d&#8217;exportació de les dades personals que tenim sobre tu, incloent qualsevol dada que ens hagis proporcionat. També pots demanar que eliminem qualsevol dada personal que tinguem sobre tu. Això no inclou cap dada que estiguem obligats a conservar amb fins administratius, legals o de seguretat.[/vc_column_text][vc_empty_space height=&#8221;100px&#8221;][/vc_column][/vc_row]</p>

<p>[vc_row row_type=&#8221;row&#8221; type=&#8221;full_width&#8221; text_align=&#8221;left&#8221; video=&#8221;&#8221; css_animation=&#8221;&#8221;][vc_column][vc_empty_space][vc_column_text]El titular del web www.nexearquitectura.com és propietat de Josep Carreté i Borràs. &nbsp; Domicili: C/ General O&#8217;Donnell 36&#8230;</p>

<!-- This site is optimized with the Yoast SEO plugin v25.2 - https://yoast.com/wordpress/plugins/seo/ -->
<title>Avís legal i política de privacitat - Nexe arquitectura | Josep Carreté</title>
<meta name="robots" content="index, follow, max-snippet:-1, max-image-preview:large, max-video-preview:-1" />
<link rel="canonical" href="https://www.nexearquitectura.com/ca/avis-legal-i-politica-de-privacitat/" />
<meta property="og:locale" content="ca_ES" />
<meta property="og:type" content="article" />
<meta property="og:title" content="Avís legal i política de privacitat - Nexe arquitectura | Josep Carreté" />
<meta property="og:description" content="[vc_row row_type=&#8221;row&#8221; type=&#8221;full_width&#8221; text_align=&#8221;left&#8221; video=&#8221;&#8221; css_animation=&#8221;&#8221;][vc_column][vc_empty_space][vc_column_text]El titular del web www.nexearquitectura.com és propietat de Josep Carreté i Borràs. &nbsp; Domicili: C/ General O&#8217;Donnell 36..." />
<meta property="og:url" content="https://www.nexearquitectura.com/ca/avis-legal-i-politica-de-privacitat/" />
<meta property="og:site_name" content="Nexe arquitectura" />
<meta property="article:modified_time" content="2019-05-30T14:22:03+00:00" />
<meta property="og:image" content="https://www.nexearquitectura.com/wp-content/uploads/2017/05/Nexe_logo3-1.png" />
	<meta property="og:image:width" content="2481" />
	<meta property="og:image:height" content="500" />
	<meta property="og:image:type" content="image/png" />
<meta name="twitter:card" content="summary_large_image" />
<meta name="twitter:label1" content="Temps estimat de lectura" />
	<meta name="twitter:data1" content="3 minuts" />
<!-- / Yoast SEO plugin. -->

Avís legal i política de privacitat - Nexe arquitectura | Josep Carreté

[vc_row row_type=&#8221;row&#8221; type=&#8221;full_width&#8221; text_align=&#8221;left&#8221; video=&#8221;&#8221; css_animation=&#8221;&#8221;][vc_column][vc_empty_space][vc_column_text]El titular del web www.nexearquitectura.com és propietat de Josep Carreté i Borràs. &nbsp; Domicili: C/ General O&#8217;Donnell 36...

Josep Carreté
